{"id":1813,"date":"2023-03-18T20:21:43","date_gmt":"2023-03-18T20:21:43","guid":{"rendered":"https:\/\/www.sob-saalfelden2.komd.hbla-saalfelden.at\/?page_id=1813"},"modified":"2025-05-23T10:19:37","modified_gmt":"2025-05-23T10:19:37","slug":"schwerpunkt-altenarbeit-fachsozialbetreuung","status":"publish","type":"page","link":"https:\/\/www.sob-saalfelden.at\/?page_id=1813","title":{"rendered":"Schwerpunkt Altenarbeit &#8211; Fachsozialbetreuung"},"content":{"rendered":"\n<div class=\"blockart-section blockart-section-6627d7e6\"><div class=\"blockart-container\"><div class=\"blockart-section-inner\">\n<div class=\"blockart-column blockart-column-0aa0e3f7\"><div class=\"blockart-column-inner\">\n<h5 class=\"blockart-heading blockart-heading-3dd3587e\"><br><br>Schwerpunkt Altenarbeit-Fachsozialbetreuung<br><br>Berufsbild \u00a79<br><br><br><br><br><br>Vollzeitform mit 4 Semester inkl. Pflegeassistenz<br>am Standort Saalfelden<br><br>  oder<br><br>Teilzeitform mit 5 Semester<br>inkl. Pflegeassistenz<br>mit 2 ganzen Tagen in Bramberg oder Saalfelden. <br>Bzw. 3 Abende am Standort Saalfelden<br><br><br><br><br>F\u00f6rderm\u00f6glichkeiten:<br>Pflegestipendium<br>Pflegestiftung<br>Pflegeausbildungszuschuss<br><br><\/h5>\n\n\n\n<p class=\"has-text-align-center has-vivid-red-color has-text-color has-medium-font-size\" style=\"font-style:normal;font-weight:700\">F\u00f6rderm\u00f6glichkeiten:<\/p>\n\n\n\n<p><a rel=\"noreferrer noopener\" href=\"https:\/\/www.oesterreich.gv.at\/themen\/arbeit_beruf_und_pension\/stipendien\/pflegestipendium.html\" target=\"_blank\">Pflegestipendium<\/a><\/p>\n\n\n\n<p><a rel=\"noreferrer noopener\" href=\"https:\/\/pgs-salzburg.at\/\" target=\"_blank\">Pflegestiftung<\/a><\/p>\n\n\n\n<p><a rel=\"noreferrer noopener\" href=\"https:\/\/www.biber-salzburg.at\/information\/finanzierung-und-foerderungen\/pflegestipendium-pflegeausbildungszuschuss\" target=\"_blank\">Pflegeausbildungszuschuss<\/a><\/p>\n<\/div><\/div>\n\n\n\n<div class=\"blockart-column blockart-column-cf23b2d5\"><div class=\"blockart-column-inner\">\n<p>Der T\u00e4tigkeitsbereich&nbsp;der Fach-Sozialbetreuerin oder des Fach-Sozialbetreuers umfasst:<\/p>\n\n\n\n<ol>\n<li>in einem eigenverantwortlichen Bereich: die m\u00f6glichst umfassende Begleitung, Unterst\u00fctzung und Betreuung von \u00e4lteren Menschen, einzeln oder in Gruppen, abgestimmt auf den Bedarf dieser Menschen und gest\u00fctzt auf wissenschaftliche Erkenntnisse;<\/li>\n\n\n\n<li>im \u00dcbrigen: die pflegerischen Befugnisse als Pflegeassistentin oder als Pflegeassistent nach dem GuKG.<\/li>\n<\/ol>\n\n\n\n<p>Zum eigenverantwortlichen Bereich geh\u00f6ren insbesondere folgende Aufgaben:<\/p>\n\n\n\n<ol>\n<li>pr\u00e4ventive, unterst\u00fctzende, aktivierende, reaktivierende, beratende, organisatorische und administrative Ma\u00dfnahmen zur t\u00e4glichen Lebensbew\u00e4ltigung<\/li>\n\n\n\n<li>das Eingehen auf k\u00f6rperliche, seelische, soziale, geistige Bed\u00fcrfnisse und Ressourcen<\/li>\n\n\n\n<li>die Hilfe zur Wiederherstellung, Erhaltung und F\u00f6rderung von F\u00e4higkeiten und Fertigkeiten f\u00fcr ein m\u00f6glichst selbst-st\u00e4ndiges und eigenverantwortliches Leben im Alter<\/li>\n\n\n\n<li>die individuelle Begleitung bei der Sinnfindung und Neuorientierung in der Lebensphase Alter<\/li>\n\n\n\n<li>die Unterst\u00fctzung bei der psychosozialen Bew\u00e4ltigung von Krisensituationen<\/li>\n\n\n\n<li>die Entlastung, Begleitung und die Anleitung von Angeh\u00f6rigen<br><br><strong>Umfang der Ausbildung:<\/strong><br># 1368 Stunden Theorie inkl. Pflegeassistenz in der Teilzeitform<br># 1545 Stunden Theorie inkl. Pflegeassistenz in der Vollzeitform<br># 1320 Stunden Praxis inkl. Demenzbegleitung<\/li>\n<\/ol>\n\n\n\n<p><a href=\"http:\/\/bmbwf.gv.at\/dam\/jcr:a5e63c0a-563d-4dbe-b813-6fd05a76534e\/Sozialbetreuungsberufe_final.pdf\" target=\"_blank\" rel=\"noreferrer noopener\">Schule f\u00fcr Sozialbetreuungsberufe: Organisationsstatut<\/a><\/p>\n\n\n\n<div class=\"wp-block-group is-layout-constrained\"><\/div>\n\n\n\n<p><\/p>\n<\/div><\/div>\n<\/div><\/div><\/div>\n\n\n\n<div class=\"blockart-section blockart-section-439a1957\"><div class=\"blockart-container\"><div class=\"blockart-section-inner\">\n<div class=\"blockart-column blockart-column-2b630bbe\"><div class=\"blockart-column-inner\">\n<div class=\"blockart-image blockart-image-6393d9f7\"><img decoding=\"async\" loading=\"lazy\" class=\"wp-image-2283\" src=\"https:\/\/www.sob-saalfelden.at\/wp-content\/uploads\/2023\/04\/schluessel.jpg\" alt=\"\" height=\"500\" width=\"700\" srcset=\"https:\/\/www.sob-saalfelden.at\/wp-content\/uploads\/2023\/04\/schluessel.jpg 700w, https:\/\/www.sob-saalfelden.at\/wp-content\/uploads\/2023\/04\/schluessel-300x214.jpg 300w\" sizes=\"(max-width: 700px) 100vw, 700px\" \/><\/div>\n<\/div><\/div>\n\n\n\n<div class=\"blockart-column blockart-column-4c3df0cd\"><div class=\"blockart-column-inner\">\n<div class=\"blockart-image blockart-image-c4ab20b9\"><img decoding=\"async\" loading=\"lazy\" class=\"wp-image-2285\" src=\"https:\/\/www.sob-saalfelden.at\/wp-content\/uploads\/2023\/04\/bandagieren.jpg\" alt=\"\" height=\"500\" width=\"700\" srcset=\"https:\/\/www.sob-saalfelden.at\/wp-content\/uploads\/2023\/04\/bandagieren.jpg 700w, https:\/\/www.sob-saalfelden.at\/wp-content\/uploads\/2023\/04\/bandagieren-300x214.jpg 300w\" sizes=\"(max-width: 700px) 100vw, 700px\" \/><\/div>\n<\/div><\/div>\n\n\n\n<div class=\"blockart-column blockart-column-d6fb905a\"><div class=\"blockart-column-inner\">\n<div class=\"blockart-image blockart-image-ed777167\"><img decoding=\"async\" loading=\"lazy\" class=\"wp-image-2282\" src=\"https:\/\/www.sob-saalfelden.at\/wp-content\/uploads\/2023\/04\/bett.jpg\" alt=\"\" height=\"500\" width=\"700\" srcset=\"https:\/\/www.sob-saalfelden.at\/wp-content\/uploads\/2023\/04\/bett.jpg 700w, https:\/\/www.sob-saalfelden.at\/wp-content\/uploads\/2023\/04\/bett-300x214.jpg 300w\" sizes=\"(max-width: 700px) 100vw, 700px\" \/><\/div>\n<\/div><\/div>\n<\/div><\/div><\/div>\n","protected":false},"excerpt":{"rendered":"","protected":false},"author":1,"featured_media":0,"parent":0,"menu_order":0,"comment_status":"closed","ping_status":"closed","template":"","meta":[],"yoast_head":"<!-- This site is optimized with the Yoast SEO plugin v20.11 - https:\/\/yoast.com\/wordpress\/plugins\/seo\/ -->\n<title>Schwerpunkt Altenarbeit - Fachsozialbetreuung - SOB Saalfelden<\/title>\n<meta name=\"robots\" content=\"index, follow, max-snippet:-1, max-image-preview:large, max-video-preview:-1\" \/>\n<link rel=\"canonical\" href=\"https:\/\/www.sob-saalfelden.at\/?page_id=1813\" \/>\n<meta property=\"og:locale\" content=\"de_DE\" \/>\n<meta property=\"og:type\" content=\"article\" \/>\n<meta property=\"og:title\" content=\"Schwerpunkt Altenarbeit - Fachsozialbetreuung - SOB Saalfelden\" \/>\n<meta property=\"og:url\" content=\"https:\/\/www.sob-saalfelden.at\/?page_id=1813\" \/>\n<meta property=\"og:site_name\" content=\"SOB Saalfelden\" \/>\n<meta property=\"article:publisher\" content=\"https:\/\/www.facebook.com\/profile.php?id=100054260961375&amp;locale=de_DE\" \/>\n<meta property=\"article:modified_time\" content=\"2025-05-23T10:19:37+00:00\" \/>\n<meta property=\"og:image\" content=\"https:\/\/www.sob-saalfelden.at\/wp-content\/uploads\/2023\/04\/banner1.jpg\" \/>\n\t<meta property=\"og:image:width\" content=\"2420\" \/>\n\t<meta property=\"og:image:height\" content=\"1000\" \/>\n\t<meta property=\"og:image:type\" content=\"image\/jpeg\" \/>\n<meta name=\"twitter:card\" content=\"summary_large_image\" \/>\n<meta name=\"twitter:label1\" content=\"Gesch\u00e4tzte Lesezeit\" \/>\n\t<meta name=\"twitter:data1\" content=\"1 Minute\" \/>\n<script type=\"application\/ld+json\" class=\"yoast-schema-graph\">{\"@context\":\"https:\/\/schema.org\",\"@graph\":[{\"@type\":\"WebPage\",\"@id\":\"https:\/\/www.sob-saalfelden.at\/?page_id=1813\",\"url\":\"https:\/\/www.sob-saalfelden.at\/?page_id=1813\",\"name\":\"Schwerpunkt Altenarbeit - Fachsozialbetreuung - SOB Saalfelden\",\"isPartOf\":{\"@id\":\"https:\/\/www.sob-saalfelden.at\/#website\"},\"datePublished\":\"2023-03-18T20:21:43+00:00\",\"dateModified\":\"2025-05-23T10:19:37+00:00\",\"breadcrumb\":{\"@id\":\"https:\/\/www.sob-saalfelden.at\/?page_id=1813#breadcrumb\"},\"inLanguage\":\"de-AT\",\"potentialAction\":[{\"@type\":\"ReadAction\",\"target\":[\"https:\/\/www.sob-saalfelden.at\/?page_id=1813\"]}]},{\"@type\":\"BreadcrumbList\",\"@id\":\"https:\/\/www.sob-saalfelden.at\/?page_id=1813#breadcrumb\",\"itemListElement\":[{\"@type\":\"ListItem\",\"position\":1,\"name\":\"Home\",\"item\":\"https:\/\/www.sob-saalfelden.at\/\"},{\"@type\":\"ListItem\",\"position\":2,\"name\":\"Schwerpunkt Altenarbeit &#8211; Fachsozialbetreuung\"}]},{\"@type\":\"WebSite\",\"@id\":\"https:\/\/www.sob-saalfelden.at\/#website\",\"url\":\"https:\/\/www.sob-saalfelden.at\/\",\"name\":\"SOB Saalfelden\",\"description\":\"Schule f\u00fcr Sozialbetreuungsberufe\/Altenarbeit\",\"publisher\":{\"@id\":\"https:\/\/www.sob-saalfelden.at\/#organization\"},\"alternateName\":\"Schule f\u00fcr Sozialbetreuungsberufe\/Altenarbeit\",\"potentialAction\":[{\"@type\":\"SearchAction\",\"target\":{\"@type\":\"EntryPoint\",\"urlTemplate\":\"https:\/\/www.sob-saalfelden.at\/?s={search_term_string}\"},\"query-input\":\"required name=search_term_string\"}],\"inLanguage\":\"de-AT\"},{\"@type\":\"Organization\",\"@id\":\"https:\/\/www.sob-saalfelden.at\/#organization\",\"name\":\"SOB Saalfelden\",\"alternateName\":\"Schule f\u00fcr Sozialbetreuungsberufe\/Altenarbeit\",\"url\":\"https:\/\/www.sob-saalfelden.at\/\",\"logo\":{\"@type\":\"ImageObject\",\"inLanguage\":\"de-AT\",\"@id\":\"https:\/\/www.sob-saalfelden.at\/#\/schema\/logo\/image\/\",\"url\":\"https:\/\/www.sob-saalfelden.at\/wp-content\/uploads\/2023\/03\/sob-icon.png\",\"contentUrl\":\"https:\/\/www.sob-saalfelden.at\/wp-content\/uploads\/2023\/03\/sob-icon.png\",\"width\":99,\"height\":101,\"caption\":\"SOB Saalfelden\"},\"image\":{\"@id\":\"https:\/\/www.sob-saalfelden.at\/#\/schema\/logo\/image\/\"},\"sameAs\":[\"https:\/\/www.facebook.com\/profile.php?id=100054260961375&locale=de_DE\",\"https:\/\/www.instagram.com\/sob.saalfelden\/\"]}]}<\/script>\n<!-- \/ Yoast SEO plugin. -->","yoast_head_json":{"title":"Schwerpunkt Altenarbeit - Fachsozialbetreuung - SOB Saalfelden","robots":{"index":"index","follow":"follow","max-snippet":"max-snippet:-1","max-image-preview":"max-image-preview:large","max-video-preview":"max-video-preview:-1"},"canonical":"https:\/\/www.sob-saalfelden.at\/?page_id=1813","og_locale":"de_DE","og_type":"article","og_title":"Schwerpunkt Altenarbeit - Fachsozialbetreuung - SOB Saalfelden","og_url":"https:\/\/www.sob-saalfelden.at\/?page_id=1813","og_site_name":"SOB Saalfelden","article_publisher":"https:\/\/www.facebook.com\/profile.php?id=100054260961375&locale=de_DE","article_modified_time":"2025-05-23T10:19:37+00:00","og_image":[{"width":2420,"height":1000,"url":"https:\/\/www.sob-saalfelden.at\/wp-content\/uploads\/2023\/04\/banner1.jpg","type":"image\/jpeg"}],"twitter_card":"summary_large_image","twitter_misc":{"Gesch\u00e4tzte Lesezeit":"1 Minute"},"schema":{"@context":"https:\/\/schema.org","@graph":[{"@type":"WebPage","@id":"https:\/\/www.sob-saalfelden.at\/?page_id=1813","url":"https:\/\/www.sob-saalfelden.at\/?page_id=1813","name":"Schwerpunkt Altenarbeit - Fachsozialbetreuung - SOB Saalfelden","isPartOf":{"@id":"https:\/\/www.sob-saalfelden.at\/#website"},"datePublished":"2023-03-18T20:21:43+00:00","dateModified":"2025-05-23T10:19:37+00:00","breadcrumb":{"@id":"https:\/\/www.sob-saalfelden.at\/?page_id=1813#breadcrumb"},"inLanguage":"de-AT","potentialAction":[{"@type":"ReadAction","target":["https:\/\/www.sob-saalfelden.at\/?page_id=1813"]}]},{"@type":"BreadcrumbList","@id":"https:\/\/www.sob-saalfelden.at\/?page_id=1813#breadcrumb","itemListElement":[{"@type":"ListItem","position":1,"name":"Home","item":"https:\/\/www.sob-saalfelden.at\/"},{"@type":"ListItem","position":2,"name":"Schwerpunkt Altenarbeit &#8211; Fachsozialbetreuung"}]},{"@type":"WebSite","@id":"https:\/\/www.sob-saalfelden.at\/#website","url":"https:\/\/www.sob-saalfelden.at\/","name":"SOB Saalfelden","description":"Schule f\u00fcr Sozialbetreuungsberufe\/Altenarbeit","publisher":{"@id":"https:\/\/www.sob-saalfelden.at\/#organization"},"alternateName":"Schule f\u00fcr Sozialbetreuungsberufe\/Altenarbeit","potentialAction":[{"@type":"SearchAction","target":{"@type":"EntryPoint","urlTemplate":"https:\/\/www.sob-saalfelden.at\/?s={search_term_string}"},"query-input":"required name=search_term_string"}],"inLanguage":"de-AT"},{"@type":"Organization","@id":"https:\/\/www.sob-saalfelden.at\/#organization","name":"SOB Saalfelden","alternateName":"Schule f\u00fcr Sozialbetreuungsberufe\/Altenarbeit","url":"https:\/\/www.sob-saalfelden.at\/","logo":{"@type":"ImageObject","inLanguage":"de-AT","@id":"https:\/\/www.sob-saalfelden.at\/#\/schema\/logo\/image\/","url":"https:\/\/www.sob-saalfelden.at\/wp-content\/uploads\/2023\/03\/sob-icon.png","contentUrl":"https:\/\/www.sob-saalfelden.at\/wp-content\/uploads\/2023\/03\/sob-icon.png","width":99,"height":101,"caption":"SOB Saalfelden"},"image":{"@id":"https:\/\/www.sob-saalfelden.at\/#\/schema\/logo\/image\/"},"sameAs":["https:\/\/www.facebook.com\/profile.php?id=100054260961375&locale=de_DE","https:\/\/www.instagram.com\/sob.saalfelden\/"]}]}},"_links":{"self":[{"href":"https:\/\/www.sob-saalfelden.at\/index.php?rest_route=\/wp\/v2\/pages\/1813"}],"collection":[{"href":"https:\/\/www.sob-saalfelden.at\/index.php?rest_route=\/wp\/v2\/pages"}],"about":[{"href":"https:\/\/www.sob-saalfelden.at\/index.php?rest_route=\/wp\/v2\/types\/page"}],"author":[{"embeddable":true,"href":"https:\/\/www.sob-saalfelden.at\/index.php?rest_route=\/wp\/v2\/users\/1"}],"replies":[{"embeddable":true,"href":"https:\/\/www.sob-saalfelden.at\/index.php?rest_route=%2Fwp%2Fv2%2Fcomments&post=1813"}],"version-history":[{"count":17,"href":"https:\/\/www.sob-saalfelden.at\/index.php?rest_route=\/wp\/v2\/pages\/1813\/revisions"}],"predecessor-version":[{"id":7351,"href":"https:\/\/www.sob-saalfelden.at\/index.php?rest_route=\/wp\/v2\/pages\/1813\/revisions\/7351"}],"wp:attachment":[{"href":"https:\/\/www.sob-saalfelden.at\/index.php?rest_route=%2Fwp%2Fv2%2Fmedia&parent=1813"}],"curies":[{"name":"wp","href":"https:\/\/api.w.org\/{rel}","templated":true}]}}